ppose -8*r = -q + 126. Let h(x) = r*t(x) + 5*z(x). Determine h(1).
2
Let n(g) = 16*g + 1 + 7*g - 18*g. Let z = 1 - -2. Suppose -z = 2*p + 1. Determine n(p).
-9
Let b = -35 + 38. Let m(p) = -25*p**2 - 1 - 2*p + b*p**2 + 12*p**2. Determine m(-1).
-9
Let d = 45 + -41. Suppose -13182 = -d*q - 2*g + 7*g, 4*q + 5*g = 13202. Let j(u) = 3*u - 2*u + 3291 - q. Give j(-6).
-13
Let q = 4214 - 4212. Let u(g) be the second derivative of -1/3*g**4 + 1/2*g**q + 9*g + 0 + 1/2*g**3 + 1/20*g**5. Calculate u(4).
13
Suppose -2*i - 222 = -210, 27 = 3*q - 4*i. Let p(x) be the first derivative of 13*x**4/2 - x**3/3 - x**2/2 + x - 17. Determine p(q).
25
Let k(x) = x**3 + 19*x**2 + 16*x + 8. Let y be (-404)/(-22)*-1 + (7488/(-396))/(-52). Give k(y).
44
Let v = -62 + 127. Suppose 2*z - v = 15*z. Let g(q) be the second derivative of q**3/6 + 44*q + 2. What is g(z)?
-5
Let w be (24 - 25)/(3/36). Let t(d) = d**3 + 12*d**2 - d - 23. Calculate t(w).
-11
Suppose 0 = 4*b - 4*t - 4, 2*b + 6*t = 5*t - 7. Let i be (12/(-48)*b)/(1/(-4)). Let m(u) = -u**2 - u - 1. What is m(i)?
-3
Let p(g) be the third derivative of -g**5/12 + g**4/8 + 2*g**3/3 + 747*g**2. Give p(-1).
-4
Let o(z) = 3*z**2 - 19*z - 7. Let h = 78 + -83. Let q(f) = -f**2 + 10*f + 4. Let m(r) = h*q(r) - 2*o(r). Determine m(-9).
21
Let k(f) = -10*f + 6 + 28*f**3 - 47*f**3 + 20*f**3 + 8*f + 2 - 5*f**2. Determine k(5).
-2
Suppose 19*g - 3 + 117 = 0. Let h(y) be the second derivative of -y**3/3 + 3*y**2/2 - 3*y. Calculate h(g).
15
Let k(a) = -24*a - 140. Suppose 0 = 72*p + 47*p + 714. What is k(p)?
4
Let m be ((-28)/(-3 - 4))/(1 - -1). Let o(l) = l**m - 5 - 44*l - 46*l - 40*l + 126*l. Determine o(-2).
7
Let d = 8854 - 8849. Let s(u) = u**2 - 10*u - 9. Determine s(d).
-34
Let x = 15 - 11. Suppose 4*t - 8 = 2*y, 2*y - x = 4*y. Let i(q) = 1 + 38414564*q - 19207282*q - 19207283*q + 6*q**2. Determine i(t).
6
Let n(p) = -p**3 + 3*p**2 + 2*p + 31. Suppose -u - 11 = 14*t - 16*t, 9 = -3*u. Give n(t).
23
Let d be 92/10 - (-1)/(-5). Let a(m) be the third derivative of -2*m**2 + 0 - 1/24*m**4 + 1/6*m**3 + 6*m. Determine a(d).
-8
Let k(y) be the first derivative of y**2/2 + 9*y + 87. Let m(x) = x**2 - 8*x + 11. Let a be m(8). Suppose 5*p - a = -46. What is k(p)?
2
Let p(z) = -5*z**2 - 2*z + 1. Suppose -5 + 6 = n. Give p(n).
-6
Let p(w) = -w**2 - 12*w - 108*w**3 - 2 + 58*w**3 + 51*w**3. What is p(4)?
-2
Let o(h) = -5*h**3 - 33*h**2 + h - 138. Let p(a) = -2*a**3 - a. Let t(u) = -o(u) + 3*p(u). Calculate t(33).
6
Let c(z) = -81*z - 32. Let x(q) = -17*q - 7. Let d(f) = c(f) - 6*x(f). Calculate d(-1).
-11
Let k(j) = -2*j**3 - 17*j**2 + 10*j + 11. Suppose -4*t + 241*d - 246*d - 6 = 0, -2*t = -d + 24. What is k(t)?
2
Let v(a) = 109*a + a**2 + 0 - 115*a - 4. Let b(m) = -2*m**3 - 5*m**2 - 6*m - 21. Let n be b(-3). Determine v(n).
-4
Suppose -3*q - 12*q = 1020. Let x be 1*2/(-9) + q/18. Let r(u) be the second derivative of -u**5/20 - u**4/4 + u**3 + 3*u**2/2 + 2*u. Calculate r(x).
-5
Suppose 6*z = 152 - 134. Let x(b) = -3 - 3 + 2*b + z*b - 4*b. What is x(-6)?
-12
Let n(p) = 3*p - 11*p + 7*p - 18. Suppose 2*l = 2*c - 24, -2*l - 5*c + 1 = -3. Let z(s) = -s**3 - 9*s**2 - 7*s + 8. Let m be z(l). Determine n(m).
-18
Let j(x) be the third derivative of x**4/24 - 4*x**3/3 - 35756*x**2. Let y(r) = 3*r + 8. Let p be y(-7). Determine j(p).
-21
Suppose 5*t - m + 751 = 0, 2 = m + 1. Let o be t/(-25) - (-1 + 7). Let s(z) be the third derivative of -z**4/24 - 5*z**3/6 - 2*z**2. Calculate s(o).
-5
Let w(z) be the first derivative of 7/2*z**2 - z - 166 - 1/3*z**3. What is w(3)?
11
Let d(s) be the third derivative of s**5/20 - 17*s**4/24 + 3*s**3/2 + 96*s**2 - 2. Give d(8).
65
Suppose -2*r + 24 + 46 = -3*q, q - 40 = -r. Let u = 44 - r. Suppose 0 = -3*z - u, -3*p - 37 = 2*z + 3*z. Let o(k) = -k - 19. Calculate o(p).
-10
Let d(f) = -f**3 + 2*f**2 + 4*f + 14. Suppose -5*a = -2*c + 10, 25 = a + 5*c - 0*c. Determine d(a).
14
Let y(i) = 204 + 208 + 210 - 822 - 10*i**2 - 5*i + 11*i**2 + 206. Suppose -f = -6 + 3. Suppose -f*r + 0*r = -15. What is y(r)?
6
Let d(w) = 1808*w**2 + 1810*w**2 + 29*w - 3620*w**2 + 93 - 10*w + 44*w. What is d(33)?
-6
Let o(y) = y**3 + 3*y**2 + 2*y + 1. Let m = -19 + 23. Suppose -3*x - 10 = -5*l, x - 5*x = m*l + 24. Calculate o(l).
1
Let q be ((36/14)/(-9))/((-2)/7). Let z(m) = q + m - 1 + 1 - 2*m. What is z(3)?
-2
Suppose -3*c = 4*v - 29, -3*v + 3 = 2*c - 6*c. Let k(i) = i**2 - 12*i + 40. Determine k(v).
5
Let x(c) be the first derivative of -2*c**3/3 + c**2 + 2*c - 71. Let p be x(0). Let h(r) = 3*r**2 - 4*r + 3. Determine h(p).
7
Let f(s) = -s**3 + 8*s**2 - 4*s + 8. Suppose -112 = -30*p + 23*p. Let x be (56/p)/(1/2). Calculate f(x).
29
Let j(o) = -32*o + 2. Suppose -106*i - 2*h = -107*i - 9, -16 = 4*i - 3*h. Give j(i).
34
Suppose -l = -r + 5*r - 94, r - 2*l - 28 = 0. Let w(x) = 20 + 0*x + 3*x + r - 2*x**2 - 46. Let v = 7 + -5. Determine w(v).
-4
Let n(b) = -b**2 - 10*b - 4. Let z = -411 + 428. Let c be z/(-2) - (-6)/(-4). Calculate n(c).
-4
Let r(p) = -p**2 - 12*p + 6. Suppose 3*o - 51 = -5*q, -q - 7*o = -3*o. Let h be (-3)/((2/22)/(4/q)). Calculate r(h).
17
Let o(k) = 2*k**2 - 36*k + 13. Let s = 90 + -72. Let r be o(s). Suppose -r*j + 7*j = -18. Let c(a) = -4*a + 2. Give c(j).
-10
Let n(b) = b**2 - 3*b + 2. Let q be n(-8). Let s be 2/4 + q/(-60). Let a(h) = 5*h. Determine a(s).
-5
Let b be (-91 - -145) + 2 + (1 - 1). Let r(x) = -3*x - b*x**2 - x + 4*x**3 - 5*x**3 + 49*x**2. Determine r(-6).
-12
Let i(o) = o**2 + o + 13. Let k = 5541 - 5550. Calculate i(k).
85
Let c(y) = y - 1. Let l(v) = -9*v + 7. Let d(f) = 5*c(f) + l(f). Suppose 98*s - 60 = -79*s + 207*s. What is d(s)?
10
Let w = -33 + 59. Suppose -24*r + w = 338. Let m(d) = d**2 + 15*d + 17. What is m(r)?
-9
Let y = 41 - 39. Suppose -59 = y*f - 5*x + 48, 77 = -2*f - 5*x. Let q = f - -52. Let w(s) = -s**2 + 3*s + 4. Calculate w(q).
-14
Let q(u) = u**3 + 16*u**2 + 6*u + 6. Let z be (-3979)/253 + 96/132. Calculate q(z).
141
Let d(x) = -x**3 - 7*x**2 - 7*x - 8. Let a(j) = j**2 + 46*j - 81. Let r be a(-51). Suppose 30*k + r = k. Give d(k).
-2
Let w(j) = j**3 + 5*j**2 + 2*j + 5. Let i be 1 - -30 - 1/(-3 - -4). Suppose -88*y = -94*y - i. Give w(y).
-5
Let b be 66/(-88)*12 + 13. Let u(r) = 5*r - 8. Let z(q) = -q - 1. Let t(f) = u(f) - 3*z(f). Give t(b).
27
Suppose -9*c = 184 - 220. Let p(v) be the second derivative of -v**4/12 + 2*v**3/3 - 3*v**2/2 + 331*v - 2. What is p(c)?
-3
Let x(b) = -16670*b**2 - 17*b + 8335*b**2 - b - 33 + 8336*b**2. Give x(-2).
7
Let n(x) = 11*x - 72. Let j(v) = 21*v - 143. Let p(m) = -3*j(m) + 7*n(m). What is p(5)?
-5
Let p(t) = 14*t**3 - 2*t**2 + 3*t - 1. Let k be 99/264 + 2/(32/10). What is p(k)?
14
Let s(v) = -v**2 - 14*v - 25. Let i(o) = o**3 + o**2 - 7*o - 4. Let x be i(3). Suppose -k - 40 = 3*p, 9*k - 32 = 2*p + x*k. Give s(p).
-1
Let j(g) be the first derivative of -g**3/3 - 9*g**2/2 - 5*g - 2. Let p be -14*-2*6/(-24). What is j(p)?
9
Let n(p) = -8*p + 3. Let d = -146 + 146. Suppose -4*o = 5*z - 14, 7 = 2*z - d*z + 3*o. Determine n(z).
-13
Let n = -200 - -197. Suppose 15 = -2*d + 21. Let s(l) = 34*l**3 + 0*l**2 + 0*l**2 - 4*l**2 - 2*l - 35*l**d. Calculate s(n).
-3
Suppose 41204 = -47*p + 10372. Let k = p + 663. Let l(o) = o**3 - 9*o**2 + 11*o - 5. Calculate l(k).
-26
Let f = -1862 - -1872. Let c(b) be the second derivative of b**4/12 - 11*b**3/6 + 2*b**2 - b. Give c(f).
-6
Let g(l) = -77*l**2 - 81*l**2 - 12*l + 32 - 4 - 5 + 159*l**2. Give g(5).
-12
Let j = -12 - -18. Let a(y) be the third derivative of y**6/120 - 7*y**5/60 + y**4/4 + y**3 + 2*y**2 + 1505. What is a(j)?
6
Let u(a) = -453*a**2 - 3*a + 3 + 454*a**2 + 7*a + a**3. Suppose 5*z - 4*o = 15, -7 = -4*o + 13. Let f(n) = n**2 - 6*n - 9. Let i be f(z). Calculate u(i).
-9
Let a(g) = 6*g**2 + 5*g + 4. Let r be a(-2). Suppose 0 = -2*w + 5*w - r. Suppose -t + w = -0*t. Let q(d) = d**2 - 5*d + 1. Give q(t).
7
Let u(m) = -m**2 - 14*m - 3. Let w = 3453 - 3461. Determine u(w).
45
Suppose 3*a - 15 = 0, -4*h = 2*a - 13 - 1. Let d be h/(4*(-2)/(-72)). Let k(j) = 3*j - 5. Calculate k(d).
22
Let a(c) be the first derivative of c**5/60 - 5*c**4/12 - 5*c**3/6 + c**2/2 + 67*c + 18. Let w(b) be the second derivative of a(b). Determine w(11).
6
Let m be (18 + (-663)/34)*2. Let t(n) = n**2 - 17*n - 64. What is t(m)?
-4
Let c